t is 0 - -80?
80
In base 12, what is -14 - b2?
-106
In base 14, what is -29a - 4?
-2a0
In base 4, what is -32010 + -32?
-32102
In base 14, what is 16 + -15?
1
In base 4, what is -10300 - -12?
-10222
In base 3, what is 0 + 121?
121
In base 5, what is 1331 + 1?
1332
In base 4, what is 21 - -13211?
13232
In base 7, what is 5261 + 3?
5264
In base 12, what is 131 - 1?
130
In base 12, what is 5975 - 5?
5970
In base 4, what is 0 - -32?
32
In base 14, what is -168 - 20?
-188
In base 13, what is -7 - -9?
2
In base 8, what is 2 - 360?
-356
In base 14, what is -2 + b?
9
In base 6, what is 1212 + -3?
1205
In base 8, what is -2454 + 1?
-2453
In base 2, what is 1001100 - 10000?
111100
In base 11, what is -69 + 2?
-67
In base 15, what is 83 + -7?
7b
In base 3, what is -1 - -2111?
2110
In base 10, what is 5 + -1829?
-1824
In base 16, what is -1 + e?
d
In base 15, what is 0 + -1ae?
-1ae
In base 12, what is 5 + -876?
-871
In base 14, what is -1c - 5?
-23
In base 2, what is -101001011111 + -101?
-101001100100
In base 7, what is 1450 + 0?
1450
In base 8, what is 3 + 44?
47
In base 10, what is 21 + -5?
16
In base 12, what is 5 - 3b?
-36
In base 13, what is 13ba + 5?
13c2
In base 12, what is 20a + -1?
209
In base 11, what is 25 - 82?
-58
In base 9, what is 37 + -38?
-1
In base 9, what is -873 - 0?
-873
In base 13, what is 3 - 160?
-15a
In base 11, what is 1a9 - -5?
203
In base 8, what is -1204 + 3?
-1201
In base 13, what is 0 + -137?
-137
In base 11, what is 14 - -159a?
1603
In base 10, what is 3 + -125?
-122
In base 9, what is -100 - -1?
-88
In base 14, what is 0 + -14c?
-14c
In base 13, what is 1ac + -13?
199
In base 8, what is 34 + -135?
-101
In base 13, what is -2 + 33?
31
In base 14, what is -5 + bc?
b7
In base 14, what is 24 - -36?
5a
In base 14, what is 7 + -d?
-6
In base 11, what is -a51 - 4?
-a55
In base 3, what is -21 + -1112?
-1210
In base 14, what is -1 - 15?
-16
In base 16, what is -13 + 1?
-12
In base 7, what is -6252 - 5?
-6260
In base 10, what is -2 + -656?
-658
In base 11, what is -129 - -12?
-117
In base 5, what is 131430 - 4?
131421
In base 8, what is -5 - 123?
-130
In base 6, what is 4 + -45?
-41
In base 14, what is 2 - 2d8?
-2d6
In base 5, what is 24 - -141?
220
In base 9, what is -1 - 76?
-77
In base 3, what is -10 - -102222211?
102222201
In base 10, what is -545 - -2?
-543
In base 14, what is -6 + 27?
21
In base 4, what is -2 - 30111?
-30113
In base 14, what is 0 + 186?
186
In base 7, what is -1262 + -1?
-1263
In base 13, what is 30 - 59?
-29
In base 2, what is -101001 - 1011010?
-10000011
In base 6, what is -142 + -1?
-143
In base 3, what is 11 - 12112?
-12101
In base 2, what is -11000010000 - 1?
-11000010001
In base 11, what is -1 - -47a?
479
In base 12, what is -9 - -330?
323
In base 13, what is 61 + 1?
62
In base 11, what is -19 - -1?
-18
In base 4, what is 33 - 20?
13
In base 4, what is 3 - -311221?
311230
In base 11, what is -21 - -2?
-1a
In base 4, what is 0 + -1031?
-1031
In base 15, what is 1a + 3?
1d
In base 9, what is 244 + 40?
284
In base 16, what is 77 - -4?
7b
In base 15, what is -16 - cc?
-e3
In base 16, what is 2 + -41?
-3f
In base 15, what is e5 - 0?
e5
In base 10, what is -3 + 180?
177
In base 9, what is -1 - 87?
-88
In base 13, what is 0 - -10?
10
In base 9, what is -23 - 505?
-528
In base 10, what is 0 + 3186?
3186
In base 7, what is -26 - 10?
-36
In base 4, what is 20 - -101312?
101332
In base 14, what is -6c4 + 9?
-6b9
In base 4, what is -1 + -22?
-23
In base 4, what is 3310 - 0?
3310
In base 14, what is -4 + -30?
-34
In base 5, what is 11442 + -110?
11332
In base 14, what is -4 - 14c?
-152
In base 11, what is 5 - 58?
-53
In base 6, what is -322 - -1003?
241
In base 5, what is 33 - -10?
43
In base 14, what is -1 - 64c?
-64d
In base 12, what is -1 + 241?
240
In base 7, what is 50 - -2?
52
In base 9, what is 8481 + 5?
8486
In base 14, what is -3208 - -3?
-3205
In base 9, what is -5 - -184?
178
In base 10, what is 415 + 3?
418
In base 10, what is 860 + -1?
859
In base 10, what is 127 - 5?
122
In base 16, what is -3 + 3b?
38
In base 10, what is -13 + 19?
6
In base 3, what is 2 + -101010?
-101001
In base 11, what is -3692 + 2?
-3690
In base 10, what is 631 + 3?
634
In base 4, what is -10 - -2020?
2010
In base 9, what is -4 + 130?
125
In base 12, what is 183 - -5?
188
In base 8, what is -5203 + -2?
-5205
In base 12, what is 5175 - 1?
5174
In base 15, what is a + a?
15
In base 15, what is 13 + -9?
9
In base 11, what is -65 - 6?
-70
In base 13, what is -58 - -9?
-4c
In base 16, what is -fb3 - -1?
-fb2
In base 4, what is 1003211 + -11?
1003200
In base 2, what is -11011100000 - -111?
-11011011001
In base 9, what is -8 + 0?
-8
In base 10, what is -999 + -5?
-1004
In base 11, what is -22 + 4?
-19
In base 4, what is 111201 - 2?
111133
In base 6, what is -223 + 123?
-100
In base 5, what is 34300 + 3?
34303
In base 13, what is 121 + a?
12b
In base 6, what is -2 + -3552?
-3554
In base 2, what is 10110 + 1001?
11111
In base 13, what is -ba + 7?
-b3
In base 10, what is -54599 - 4?
-54603
In base 3, what is -11 - 200020?
-200101
In base 4, what is -230 - 3?
-233
In base 3, what is 0 - -10020110?
10020110
In base 2, what is -10 + -1?
-11
In base 5, what is 11 - -110?
121
In base 3, what is -11 - -11101110?
11101022
In base 10, what is -4 + 4040?
4036
In base 13, what is 14 - -2?
16
In base 3, what is -110011 + 1020?
-101221
In base 2, what is -1100 + -1001?
-10101
In base 16, what is -76 + -1?
-77
In base 5, what is -4 - -122?
113
In base 10, what is 3 - -1689?
1692
In base 7, what is -1461 + 4?
-1454
In base 16, what is -11 + -6?
-17
In base 5, what is 431 + -443?
-12
In base 12, what is -712 - 2?
-714
In base 11, what is 1741 - 2?
173a
In base 9, what is -40 + 162?
122
In base 15, what is 211 - 5?
20b
In base 7, what is 223 - 0?
223
In base 9, what is -3 - -303?
300
In base 14, what is 69 + -3?
66
In base 11, what is -23 - 1a?
-42
In base 5, what is -2102 + 10?
-2042
In base 11, what is 12 + -69?
-57
In base 9, what is 4 + -641?
-636
In base 9, what is 20 + 5?
25
In base 16, what is 4 + -1d?
-19
In base 6, what is 1203 + 1?
1204
In base 15, what is -20 - 3?
-23
In base 14, what is -1 + 5?
4
In base 12, what is 0 + -6?
-6
In base 10, what is 37 + 0?
37
In base 2, what is 10000110 + 1?
10000111
In base 5, what is 124 + -4?
120
In base 7, what is 31 + 33?
64
In base 4, what is 0 - -1031?
1031
In base 16, what is -c18 - -5?
-c13
In base 4, what is 31122 + 0?
31122
In base 3, what is -11 - -1221?
1210
In base 12, what is 2 - 62?
-60
In base 13, what is -1c + 26?
7
In base 5, what is 2 - 3141?
-3134
In base 15, what is -3775 - -2?
-3773
In base 10, what is 27 - -5?
32
In base 2, what is 11 - 100001100?
-100001001
In base 5, what is 11 + 213?
224
In base 15, what is -c92 - 3?
-c95
In base 2, what is -100 + 110111?
110011
In base 7, what is 165 - -33?
231
In base 13, what is -46 - 2?
-48
In base 6, what is 13 - -5?
22
In base 10, what is 5 - -931?
936
In base 9, what is -51 + -13?
-64
In base 13, what is 3 - c9?
-c6
In base 2, what is 11 - -11011010?
11011101
In base 8, what is -6364 + 12?
-6352
In base 12, what is 2 + -22?
-20
In base 4, what is -3 + -2033?
-2102
In base 12, what is -42 - 209?
-24b
In base 6, what is 3 + -34?
-31
In base 3, what is -2010 + -20?
-2100
In base 5, what is 3 + -1440?
-1432
In base 10, what is -6 - -80?
74
In base 16, what is -11d - -b?
-112
In base 10, what is 386 + -2?
384
In base 2, what is -1 + -111011110010?
-111011110011
In base 5, what is -4 + -122?
-131
In base 4, what is 1010 + -2010?
-1000
In base 4, what is 2 + -131000?
-130332
In base 3, what is -12 + -112201?
-112220
In base 6, what is 51 + -341?
-250
In base 12, what is 16a9 + 4?
16b1
In base 5, what is 2 + -1001?
-444
In base 10, what is 4 - -1045?
1049
In base 15, what is 0 + ae?
ae
In base 11, what is 65 - 5?
60
In base 11, what is 0 + 105?
105
In base 8, what is -11034 - -1?
-11033
In base 10, what is -8 + -56?
-64
In base 11, what is -443 + 2?
-441
In base 4, what is 133 + -32?
101
In base 2, what is -1000011011 - -101?
-1000010110
In base 11, what is -2 - -103?
101
In base 13, what is -b + 3a?
2c
In base 10, what is 139 - 1?
138
In base 10, what is -3603 - 3?
-3606
In base 13, what is 155 - -8?
160
In base 6, what is -3 + -1040?
-1043
In base